{"id":1594,"date":"2020-02-11T10:24:41","date_gmt":"2020-02-11T10:24:41","guid":{"rendered":"https:\/\/waveride.qodeinteractive.com\/?page_id=1594"},"modified":"2024-03-16T21:12:46","modified_gmt":"2024-03-16T18:12:46","slug":"speed-boat","status":"publish","type":"page","link":"https:\/\/martiwatersports.com\/index.php\/aktiviteler\/speed-boat\/","title":{"rendered":"S\u00fcrat Teknesi"},"content":{"rendered":"<p>[vc_row enable_surfer_icon=&#8221;no&#8221;][vc_column][vc_single_image image=&#8221;3312&#8243; img_size=&#8221;full&#8221;][\/vc_column][\/vc_row][vc_row enable_surfer_icon=&#8221;no&#8221; css=&#8221;.vc_custom_1579277130626{padding-top: 16px !important;}&#8221;][vc_column offset=&#8221;vc_col-lg-offset-0 vc_col-lg-6 vc_col-md-offset-0 vc_col-md-12 vc_col-sm-offset-0 vc_col-xs-12&#8243; el_class=&#8221;qodef-map&#8221;][vc_column_text]<\/p>\n<h4><span style=\"font-weight: bold;\">Speed Boat To Side<\/span><\/h4>\n<p>[\/vc_column_text][\/vc_column][vc_column css=&#8221;.vc_custom_1550505500194{margin-left: -15px !important;padding-left: 0px !important;}&#8221; offset=&#8221;vc_col-lg-offset-0 vc_col-lg-6 vc_col-md-offset-0 vc_col-md-12 vc_col-sm-offset-0&#8243;][\/vc_column][\/vc_row][vc_row content_text_aligment=&#8221;left&#8221; enable_surfer_icon=&#8221;no&#8221; css=&#8221;.vc_custom_1582543773844{padding-top: 14px !important;}&#8221;][vc_column][vc_column_text]S\u0131n\u0131rlar\u0131 zorlamay\u0131 ve adrenalin dolu anlar\u0131n keyfini \u00e7\u0131karmay\u0131 sevenler i\u00e7in Mart\u0131 Su Sporlar\u0131 olarak \u00f6zel bir deneyim sunuyoruz: S\u00fcrat Teknesi Turlar\u0131! E\u011fer denizde h\u0131z tutkunuysan\u0131z ve macera dolu bir yolculuk ar\u0131yorsan\u0131z, do\u011fru adrestesiniz.<\/p>\n<p><strong>H\u0131z ve Heyecan\u0131n Bulu\u015fma Noktas\u0131<\/strong><\/p>\n<p>S\u00fcrat teknesi turlar\u0131m\u0131zla, h\u0131z tutkunlar\u0131n\u0131 unutulmaz bir maceraya davet ediyoruz. Denizin dalgalar\u0131 aras\u0131nda h\u0131zla s\u00fcz\u00fcl\u00fcrken, r\u00fczgar\u0131n sesini hissedecek ve \u00f6zg\u00fcrl\u00fc\u011f\u00fcn tad\u0131n\u0131 \u00e7\u0131karacaks\u0131n\u0131z. Mart\u0131 Su Sporlar\u0131 olarak, sundu\u011fumuz s\u00fcrat teknesi turlar\u0131yla her zaman g\u00fcvenli\u011fi ve e\u011flenceyi bir arada sunuyoruz.<\/p>\n<p><strong>Neden Mart\u0131 Su Sporlar\u0131?<\/strong><\/p>\n<ul>\n<li><strong>Profesyonel Ekip:<\/strong> Deneyimli ve uzman ekibimizle, g\u00fcvenli ve keyifli bir deneyim ya\u015faman\u0131z\u0131 sa\u011fl\u0131yoruz.<\/li>\n<li><strong>Modern Ekipmanlar:<\/strong> En son teknolojiye sahip s\u00fcrat teknelerimizle, konforlu ve g\u00fcvenli bir yolculuk sunuyoruz.<\/li>\n<li><strong>Esnek Programlar:<\/strong> \u0130htiya\u00e7lar\u0131n\u0131za uygun olarak \u00f6zelle\u015ftirilmi\u015f turlar\u0131m\u0131zla, unutulmaz bir deneyim ya\u015faman\u0131z\u0131 sa\u011fl\u0131yoruz.<\/li>\n<\/ul>\n<p><strong>S\u00fcrat Teknesi Turu Hakk\u0131nda<\/strong><\/p>\n<p>S\u00fcrat teknesi turlar\u0131m\u0131z, denizde h\u0131z\u0131n ve heyecan\u0131n doruklar\u0131na ula\u015fman\u0131z\u0131 sa\u011flar. Deneyimli kaptanlar\u0131m\u0131z e\u015fli\u011finde, tur boyunca nefes kesici manzaralar\u0131 ke\u015ffederken adrenalin dolu anlar\u0131n keyfini \u00e7\u0131karacaks\u0131n\u0131z. Ayr\u0131ca, \u00f6zel tur se\u00e7eneklerimizle \u00f6zel g\u00fcnlerinizi veya etkinliklerinizi unutulmaz k\u0131labilirsiniz.[\/vc_column_text][vc_column_text css=&#8221;.vc_custom_1709383377145{padding-top: 2px !important;}&#8221;]<\/p>\n<blockquote>\n<p style=\"text-align: left;\"><strong>Denizde H\u0131z Tutkunuysan\u0131z, S\u00fcrat Teknesi Turlar\u0131m\u0131z Sizin \u0130\u00e7in!<\/strong><\/p>\n<\/blockquote>\n<p>[\/vc_column_text][\/vc_column][\/vc_row][vc_row enable_surfer_icon=&#8221;no&#8221; css=&#8221;.vc_custom_1579771923784{padding-top: 59px !important;}&#8221;][vc_column offset=&#8221;vc_col-lg-offset-0 vc_col-lg-6 vc_col-md-offset-0 vc_col-md-12 vc_col-sm-offset-0 vc_col-xs-12&#8243; el_class=&#8221;qodef-map&#8221;][vc_column_text]<\/p>\n<h4><span style=\"font-weight: bold;\">Di\u011fer Turlar\u0131m\u0131z<\/span><\/h4>\n<p>[\/vc_column_text][\/vc_column][vc_column css=&#8221;.vc_custom_1550505500194{margin-left: -15px !important;padding-left: 0px !important;}&#8221; offset=&#8221;vc_col-lg-offset-0 vc_col-lg-6 vc_col-md-offset-0 vc_col-md-12 vc_col-sm-offset-0&#8243;][\/vc_column][\/vc_row][vc_row enable_surfer_icon=&#8221;no&#8221; css=&#8221;.vc_custom_1579772034878{padding-top: 19px !important;}&#8221;][vc_column]<div class=\"qodef-linked-images qodef-three-columns qodef-normal-space qodef-grid-masonry-list qodef-normal-space qodef-grid-list\"  data-full-height=\"yes\">\n\t\t<div class=\"qodef-masonry-list-wrapper qodef-outer-space\">\n\t\t<div class=\"qodef-masonry-grid-sizer\"><\/div>\n\t\t<div class=\"qodef-masonry-grid-gutter\"><\/div>\n\t\t\t<div class=\"qodef-linked-image-holder qodef-item-space qodef-li-text-slide\">\n\t\t<div class=\"qodef-linked-image-holder-inner\">\n\t\t\t<div class=\"qodef-linked-image-image-holder\">\n\t\t\t\t\t\t\t\t\t<a href=\"https:\/\/martiwatersports.com\/index.php\/aktiviteler\/motor-yatch-tour\/\" target=\"_self\">\n\t\t\t\t\t\t\t\t\t<div class=\"qodef-linked-image-image\">\n                        <img loading=\"lazy\" decoding=\"async\" width=\"2560\" height=\"1708\" src=\"https:\/\/martiwatersports.com\/wp-content\/uploads\/2024\/03\/motoryatch-scaled.jpg\" class=\"attachment-full size-full\" alt=\"\" srcset=\"https:\/\/martiwatersports.com\/wp-content\/uploads\/2024\/03\/motoryatch-scaled.jpg 2560w, https:\/\/martiwatersports.com\/wp-content\/uploads\/2024\/03\/motoryatch-300x200.jpg 300w, https:\/\/martiwatersports.com\/wp-content\/uploads\/2024\/03\/motoryatch-1024x683.jpg 1024w, https:\/\/martiwatersports.com\/wp-content\/uploads\/2024\/03\/motoryatch-768x512.jpg 768w, https:\/\/martiwatersports.com\/wp-content\/uploads\/2024\/03\/motoryatch-1536x1025.jpg 1536w\" sizes=\"auto, (max-width: 2560px) 100vw, 2560px\" \/>                    <\/div>\n\n\t\t\t\t\t<div class=\"qodef-linked-image-description-wrapper\">\n\t\t\t\t\t\t\t\t\t\t\t\t\t<div class=\"qodef-linked-image-description-inner\">\n                                \t\t\t\t\t\t\t\t<div class=\"qodef-linked-image-description\">\n                                                                            <h2 class=\"qodef-linked-image-title\">\n                                            Motoryatch                                        <\/h2>\n                                                                        \t\t\t\t\t\t\t\t\t                                    <div class=\"qodef-linked-image-cover\"><\/div>\n\t\t\t\t\t\t\t\t<\/div>\n\t\t\t\t\t\t\t<\/div>\n\t\t\t\t\t\t\t\t\t\t\t<\/div>\n\t\t\t\t\t\t\t\t\t<\/a>\n\t\t\t\t\t\t\t<\/div>\n\t\t<\/div>\n\t<\/div>\n\t<div class=\"qodef-linked-image-holder qodef-item-space qodef-li-text-slide\">\n\t\t<div class=\"qodef-linked-image-holder-inner\">\n\t\t\t<div class=\"qodef-linked-image-image-holder\">\n\t\t\t\t\t\t\t\t\t<a href=\"https:\/\/martiwatersports.com\/index.php\/aktiviteler\/flying-waterwall\/\" target=\"_self\">\n\t\t\t\t\t\t\t\t\t<div class=\"qodef-linked-image-image\">\n                        <img loading=\"lazy\" decoding=\"async\" width=\"662\" height=\"399\" src=\"https:\/\/martiwatersports.com\/wp-content\/uploads\/2024\/03\/waterfall-boat.png\" class=\"attachment-full size-full\" alt=\"\" srcset=\"https:\/\/martiwatersports.com\/wp-content\/uploads\/2024\/03\/waterfall-boat.png 662w, https:\/\/martiwatersports.com\/wp-content\/uploads\/2024\/03\/waterfall-boat-300x181.png 300w\" sizes=\"auto, (max-width: 662px) 100vw, 662px\" \/>                    <\/div>\n\n\t\t\t\t\t<div class=\"qodef-linked-image-description-wrapper\">\n\t\t\t\t\t\t\t\t\t\t\t\t\t<div class=\"qodef-linked-image-description-inner\">\n                                \t\t\t\t\t\t\t\t<div class=\"qodef-linked-image-description\">\n                                                                            <h2 class=\"qodef-linked-image-title\">\n                                            Waterfall                                        <\/h2>\n                                                                        \t\t\t\t\t\t\t\t\t                                    <div class=\"qodef-linked-image-cover\"><\/div>\n\t\t\t\t\t\t\t\t<\/div>\n\t\t\t\t\t\t\t<\/div>\n\t\t\t\t\t\t\t\t\t\t\t<\/div>\n\t\t\t\t\t\t\t\t\t<\/a>\n\t\t\t\t\t\t\t<\/div>\n\t\t<\/div>\n\t<\/div>\n\t<div class=\"qodef-linked-image-holder qodef-item-space qodef-li-text-slide\">\n\t\t<div class=\"qodef-linked-image-holder-inner\">\n\t\t\t<div class=\"qodef-linked-image-image-holder\">\n\t\t\t\t\t\t\t\t\t<a href=\"https:\/\/martiwatersports.com\/index.php\/aktiviteler\/fishing-tour\/\" target=\"_self\">\n\t\t\t\t\t\t\t\t\t<div class=\"qodef-linked-image-image\">\n                        <img loading=\"lazy\" decoding=\"async\" width=\"1707\" height=\"2560\" src=\"https:\/\/martiwatersports.com\/wp-content\/uploads\/2024\/02\/man-fishing-river-scaled.jpg\" class=\"attachment-full size-full\" alt=\"\" srcset=\"https:\/\/martiwatersports.com\/wp-content\/uploads\/2024\/02\/man-fishing-river-scaled.jpg 1707w, https:\/\/martiwatersports.com\/wp-content\/uploads\/2024\/02\/man-fishing-river-200x300.jpg 200w, https:\/\/martiwatersports.com\/wp-content\/uploads\/2024\/02\/man-fishing-river-683x1024.jpg 683w, https:\/\/martiwatersports.com\/wp-content\/uploads\/2024\/02\/man-fishing-river-768x1152.jpg 768w, https:\/\/martiwatersports.com\/wp-content\/uploads\/2024\/02\/man-fishing-river-1024x1536.jpg 1024w, https:\/\/martiwatersports.com\/wp-content\/uploads\/2024\/02\/man-fishing-river-1365x2048.jpg 1365w\" sizes=\"auto, (max-width: 1707px) 100vw, 1707px\" \/>                    <\/div>\n\n\t\t\t\t\t<div class=\"qodef-linked-image-description-wrapper\">\n\t\t\t\t\t\t\t\t\t\t\t\t\t<div class=\"qodef-linked-image-description-inner\">\n                                \t\t\t\t\t\t\t\t<div class=\"qodef-linked-image-description\">\n                                                                            <h2 class=\"qodef-linked-image-title\">\n                                            Fishing                                        <\/h2>\n                                                                        \t\t\t\t\t\t\t\t\t                                    <div class=\"qodef-linked-image-cover\"><\/div>\n\t\t\t\t\t\t\t\t<\/div>\n\t\t\t\t\t\t\t<\/div>\n\t\t\t\t\t\t\t\t\t\t\t<\/div>\n\t\t\t\t\t\t\t\t\t<\/a>\n\t\t\t\t\t\t\t<\/div>\n\t\t<\/div>\n\t<\/div>\n\t<div class=\"qodef-linked-image-holder qodef-item-space qodef-li-text-slide\">\n\t\t<div class=\"qodef-linked-image-holder-inner\">\n\t\t\t<div class=\"qodef-linked-image-image-holder\">\n\t\t\t\t\t\t\t\t\t<a href=\"https:\/\/martiwatersports.com\/index.php\/aktiviteler\/speed-and-relax\/\" target=\"_self\">\n\t\t\t\t\t\t\t\t\t<div class=\"qodef-linked-image-image\">\n                        <img loading=\"lazy\" decoding=\"async\" width=\"662\" height=\"399\" src=\"https:\/\/martiwatersports.com\/wp-content\/uploads\/2024\/03\/speed-relax-boat-martiwatersports.png\" class=\"attachment-full size-full\" alt=\"\" srcset=\"https:\/\/martiwatersports.com\/wp-content\/uploads\/2024\/03\/speed-relax-boat-martiwatersports.png 662w, https:\/\/martiwatersports.com\/wp-content\/uploads\/2024\/03\/speed-relax-boat-martiwatersports-300x181.png 300w\" sizes=\"auto, (max-width: 662px) 100vw, 662px\" \/>                    <\/div>\n\n\t\t\t\t\t<div class=\"qodef-linked-image-description-wrapper\">\n\t\t\t\t\t\t\t\t\t\t\t\t\t<div class=\"qodef-linked-image-description-inner\">\n                                \t\t\t\t\t\t\t\t<div class=\"qodef-linked-image-description\">\n                                                                            <h2 class=\"qodef-linked-image-title\">\n                                            Speed Relax                                        <\/h2>\n                                                                        \t\t\t\t\t\t\t\t\t                                    <div class=\"qodef-linked-image-cover\"><\/div>\n\t\t\t\t\t\t\t\t<\/div>\n\t\t\t\t\t\t\t<\/div>\n\t\t\t\t\t\t\t\t\t\t\t<\/div>\n\t\t\t\t\t\t\t\t\t<\/a>\n\t\t\t\t\t\t\t<\/div>\n\t\t<\/div>\n\t<\/div>\n<\/div><\/div>[\/vc_column][\/vc_row][vc_row enable_surfer_icon=&#8221;no&#8221; css=&#8221;.vc_custom_1579771977111{padding-top: 64px !important;}&#8221;][vc_column offset=&#8221;vc_col-lg-offset-0 vc_col-lg-6 vc_col-md-offset-0 vc_col-md-12 vc_col-sm-offset-0 vc_col-xs-12&#8243; el_class=&#8221;qodef-map&#8221;][\/vc_column][vc_column css=&#8221;.vc_custom_1550505500194{margin-left: -15px !important;padding-left: 0px !important;}&#8221; offset=&#8221;vc_col-lg-offset-0 vc_col-lg-6 vc_col-md-offset-0 vc_col-md-12 vc_col-sm-offset-0&#8243;][\/vc_column][\/vc_row][vc_row enable_surfer_icon=&#8221;no&#8221; css=&#8221;.vc_custom_1579772057580{padding-top: 17px !important;}&#8221;][vc_column][\/vc_column][\/vc_row][vc_row disable_element=&#8221;yes&#8221; enable_surfer_icon=&#8221;no&#8221; css=&#8221;.vc_custom_1579772658976{padding-top: 17px !important;}&#8221;][vc_column][\/vc_column][\/vc_row]<\/p>\n","protected":false},"excerpt":{"rendered":"<p>[vc_row enable_surfer_icon=&#8221;no&#8221;][vc_column][vc_single_image image=&#8221;3312&#8243; img_size=&#8221;full&#8221;][\/vc_column][\/vc_row][vc_row enable_surfer_icon=&#8221;no&#8221; css=&#8221;.vc_custom_1579277130626{padding-top: 16px !important;}&#8221;][vc_column offset=&#8221;vc_col-lg-offset-0 vc_col-lg-6 vc_col-md-offset-0 vc_col-md-12 vc_col-sm-offset-0 vc_col-xs-12&#8243; el_class=&#8221;qodef-map&#8221;][vc_column_text] Speed Boat To Side [\/vc_column_text][\/vc_column][vc_column css=&#8221;.vc_custom_1550505500194{margin-left: -15px !important;padding-left: 0px !important;}&#8221; offset=&#8221;vc_col-lg-offset-0 vc_col-lg-6 vc_col-md-offset-0 vc_col-md-12 vc_col-sm-offset-0&#8243;][\/vc_column][\/vc_row][vc_row content_text_aligment=&#8221;left&#8221; enable_surfer_icon=&#8221;no&#8221; css=&#8221;.vc_custom_1582543773844{padding-top: 14px !important;}&#8221;][vc_column][vc_column_text]S\u0131n\u0131rlar\u0131 zorlamay\u0131 ve adrenalin dolu anlar\u0131n [&hellip;]<\/p>\n","protected":false},"author":1,"featured_media":0,"parent":1116,"menu_order":0,"comment_status":"closed","ping_status":"closed","template":"","meta":{"footnotes":""},"class_list":["post-1594","page","type-page","status-publish","hentry"],"_links":{"self":[{"href":"https:\/\/martiwatersports.com\/index.php\/wp-json\/wp\/v2\/pages\/1594","targetHints":{"allow":["GET"]}}],"collection":[{"href":"https:\/\/martiwatersports.com\/index.php\/wp-json\/wp\/v2\/pages"}],"about":[{"href":"https:\/\/martiwatersports.com\/index.php\/wp-json\/wp\/v2\/types\/page"}],"author":[{"embeddable":true,"href":"https:\/\/martiwatersports.com\/index.php\/wp-json\/wp\/v2\/users\/1"}],"replies":[{"embeddable":true,"href":"https:\/\/martiwatersports.com\/index.php\/wp-json\/wp\/v2\/comments?post=1594"}],"version-history":[{"count":10,"href":"https:\/\/martiwatersports.com\/index.php\/wp-json\/wp\/v2\/pages\/1594\/revisions"}],"predecessor-version":[{"id":3335,"href":"https:\/\/martiwatersports.com\/index.php\/wp-json\/wp\/v2\/pages\/1594\/revisions\/3335"}],"up":[{"embeddable":true,"href":"https:\/\/martiwatersports.com\/index.php\/wp-json\/wp\/v2\/pages\/1116"}],"wp:attachment":[{"href":"https:\/\/martiwatersports.com\/index.php\/wp-json\/wp\/v2\/media?parent=1594"}],"curies":[{"name":"wp","href":"https:\/\/api.w.org\/{rel}","templated":true}]}}